{"id":10851,"date":"2019-04-14T14:57:20","date_gmt":"2019-04-14T13:57:20","guid":{"rendered":"https:\/\/faktumonline.com\/product\/pensile-45x92\/"},"modified":"2021-07-26T17:56:42","modified_gmt":"2021-07-26T16:56:42","slug":"pensile-per-faktum-45x92","status":"publish","type":"product","link":"https:\/\/faktumonline.com\/it\/prodotto\/pensile-per-faktum-45x92\/","title":{"rendered":"Pensile per Faktum 45\u00d792"},"content":{"rendered":"<p>45 x 92 x 35,5 cm<\/p>\n","protected":false},"excerpt":{"rendered":"<p>Questa \u00e8 una carcassa, un pensile per le cucine IKEA Faktum. 45 cm di larghezza, 92 cm di altezza e 35,5 cm di profondit\u00e0. Verr\u00e0 realizzato \u201cunito bianco\u201d indipendentemente dal colore scelto per i frontali. La carcassa pu\u00f2 essere ordinata da sola o insieme a uno qualsiasi degli extra di seguito:<\/p>\n","protected":false},"featured_media":43442,"template":"","meta":[],"product_brand":[],"product_cat":[1068],"product_tag":[],"class_list":{"0":"post-10851","1":"product","2":"type-product","3":"status-publish","4":"has-post-thumbnail","6":"product_cat-pensili-alti-92-cm","7":"sales-flash-overlay","8":"woocommerce-text-align-center","9":"woocommerce-image-align-center","11":"first","12":"instock","13":"taxable","14":"shipping-taxable","15":"purchasable","16":"product-type-simple"},"exclude_global_add_ons":false,"addons":[{"name":"Door configuration","type":"checkbox","position":0,"required":false,"title_format":"heading","default":"","description_enable":false,"description":"","placeholder_enable":false,"placeholder":"","display":"select","restrictions_type":"any_text","adjust_price":false,"price":"","price_type":"flat_fee","restrictions":false,"min":"0","max":"0","options":[{"label":"Door 15x70","price":"69","price_type":"quantity_based","image":0},{"label":"Set of 2 hinges","price":"19","price_type":"quantity_based","image":0},{"label":"Set of 2 mounting plates","price":"9","price_type":"quantity_based","image":0}],"id":1738948690},{"name":"Pull Out Config","type":"checkbox","position":1,"required":false,"title_format":"heading","default":"","description_enable":false,"description":"","placeholder_enable":false,"placeholder":"","display":"select","restrictions_type":"any_text","adjust_price":false,"price":"","price_type":"flat_fee","restrictions":false,"min":"0","max":"0","options":[{"label":"Pull Out Draw Set","price":"159","price_type":"quantity_based","image":0},{"label":"Draw Front","price":"69","price_type":"quantity_based","image":0}],"id":1738948691},{"name":"Legs","type":"checkbox","position":2,"required":false,"title_format":"heading","default":"","description_enable":false,"description":"","placeholder_enable":false,"placeholder":"","display":"select","restrictions_type":"any_text","adjust_price":false,"price":"","price_type":"flat_fee","restrictions":false,"min":"0","max":"0","options":[{"label":"Set of 4 legs. 16 cm (14,5 - 17 cm)","price":"3.95","price_type":"quantity_based","image":0},{"label":"Set of 4 legs. 12 cm (11,5 - 14.4 cm)","price":"3.95","price_type":"quantity_based","image":0},{"label":"No legs","price":"","price_type":"quantity_based","image":0}],"id":1738948692}],"yoast_head":"<!-- This site is optimized with the Yoast SEO Premium plugin v27.4 (Yoast SEO v27.4) - https:\/\/yoast.com\/product\/yoast-seo-premium-wordpress\/ -->\n<title>Pensile per Faktum 45\u00d792 - Faktum Online Store<\/title>\n<meta name=\"robots\" content=\"index, follow, max-snippet:-1, max-image-preview:large, max-video-preview:-1\" \/>\n<link rel=\"canonical\" href=\"https:\/\/faktumonline.com\/it\/prodotto\/pensile-per-faktum-45x92\/\" \/>\n<meta property=\"og:locale\" content=\"it_IT\" \/>\n<meta property=\"og:type\" content=\"article\" \/>\n<meta property=\"og:title\" content=\"Pensile per Faktum 45\u00d792\" \/>\n<meta property=\"og:description\" content=\"Questa \u00e8 una carcassa, un pensile per le cucine IKEA Faktum. 45 cm di larghezza, 92 cm di altezza e 35,5 cm di profondit\u00e0. Verr\u00e0 realizzato \u201cunito bianco\u201d indipendentemente dal colore scelto per i frontali. La carcassa pu\u00f2 essere ordinata da sola o insieme a uno qualsiasi degli extra di seguito:\" \/>\n<meta property=\"og:url\" content=\"https:\/\/faktumonline.com\/it\/prodotto\/pensile-per-faktum-45x92\/\" \/>\n<meta property=\"og:site_name\" content=\"Faktum Online Store\" \/>\n<meta property=\"article:modified_time\" content=\"2021-07-26T16:56:42+00:00\" \/>\n<meta property=\"og:image\" content=\"https:\/\/faktumonline.com\/wp-content\/uploads\/2020\/08\/Wall-cab-IKEA-Faktum-40.jpg\" \/>\n\t<meta property=\"og:image:width\" content=\"1507\" \/>\n\t<meta property=\"og:image:height\" content=\"1884\" \/>\n\t<meta property=\"og:image:type\" content=\"image\/jpeg\" \/>\n<meta name=\"twitter:card\" content=\"summary_large_image\" \/>\n<script type=\"application\/ld+json\" class=\"yoast-schema-graph\">{\"@context\":\"https:\\\/\\\/schema.org\",\"@graph\":[{\"@type\":\"WebPage\",\"@id\":\"https:\\\/\\\/faktumonline.com\\\/it\\\/prodotto\\\/pensile-per-faktum-45x92\\\/\",\"url\":\"https:\\\/\\\/faktumonline.com\\\/it\\\/prodotto\\\/pensile-per-faktum-45x92\\\/\",\"name\":\"Pensile per Faktum 45\u00d792 - Faktum Online Store\",\"isPartOf\":{\"@id\":\"https:\\\/\\\/faktumonline.com\\\/da\\\/#website\"},\"primaryImageOfPage\":{\"@id\":\"https:\\\/\\\/faktumonline.com\\\/it\\\/prodotto\\\/pensile-per-faktum-45x92\\\/#primaryimage\"},\"image\":{\"@id\":\"https:\\\/\\\/faktumonline.com\\\/it\\\/prodotto\\\/pensile-per-faktum-45x92\\\/#primaryimage\"},\"thumbnailUrl\":\"https:\\\/\\\/faktumonline.com\\\/wp-content\\\/uploads\\\/2020\\\/08\\\/Wall-cab-IKEA-Faktum-40.jpg\",\"datePublished\":\"2019-04-14T13:57:20+00:00\",\"dateModified\":\"2021-07-26T16:56:42+00:00\",\"breadcrumb\":{\"@id\":\"https:\\\/\\\/faktumonline.com\\\/it\\\/prodotto\\\/pensile-per-faktum-45x92\\\/#breadcrumb\"},\"inLanguage\":\"it-IT\",\"potentialAction\":[{\"@type\":\"ReadAction\",\"target\":[\"https:\\\/\\\/faktumonline.com\\\/it\\\/prodotto\\\/pensile-per-faktum-45x92\\\/\"]}]},{\"@type\":\"ImageObject\",\"inLanguage\":\"it-IT\",\"@id\":\"https:\\\/\\\/faktumonline.com\\\/it\\\/prodotto\\\/pensile-per-faktum-45x92\\\/#primaryimage\",\"url\":\"https:\\\/\\\/faktumonline.com\\\/wp-content\\\/uploads\\\/2020\\\/08\\\/Wall-cab-IKEA-Faktum-40.jpg\",\"contentUrl\":\"https:\\\/\\\/faktumonline.com\\\/wp-content\\\/uploads\\\/2020\\\/08\\\/Wall-cab-IKEA-Faktum-40.jpg\",\"width\":1507,\"height\":1884},{\"@type\":\"BreadcrumbList\",\"@id\":\"https:\\\/\\\/faktumonline.com\\\/it\\\/prodotto\\\/pensile-per-faktum-45x92\\\/#breadcrumb\",\"itemListElement\":[{\"@type\":\"ListItem\",\"position\":1,\"name\":\"Hem\",\"item\":\"https:\\\/\\\/faktumonline.com\\\/it\\\/\"},{\"@type\":\"ListItem\",\"position\":2,\"name\":\"Webshop\",\"item\":\"https:\\\/\\\/faktumonline.com\\\/it\\\/webshop\\\/\"},{\"@type\":\"ListItem\",\"position\":3,\"name\":\"Pensile per Faktum 45\u00d792\"}]},{\"@type\":\"WebSite\",\"@id\":\"https:\\\/\\\/faktumonline.com\\\/da\\\/#website\",\"url\":\"https:\\\/\\\/faktumonline.com\\\/da\\\/\",\"name\":\"Faktum Online Store\",\"description\":\"Premium doors for IKEA kitchens\",\"potentialAction\":[{\"@type\":\"SearchAction\",\"target\":{\"@type\":\"EntryPoint\",\"urlTemplate\":\"https:\\\/\\\/faktumonline.com\\\/da\\\/?s={search_term_string}\"},\"query-input\":{\"@type\":\"PropertyValueSpecification\",\"valueRequired\":true,\"valueName\":\"search_term_string\"}}],\"inLanguage\":\"it-IT\"}]}<\/script>\n<!-- \/ Yoast SEO Premium plugin. -->","yoast_head_json":{"title":"Pensile per Faktum 45\u00d792 - Faktum Online Store","robots":{"index":"index","follow":"follow","max-snippet":"max-snippet:-1","max-image-preview":"max-image-preview:large","max-video-preview":"max-video-preview:-1"},"canonical":"https:\/\/faktumonline.com\/it\/prodotto\/pensile-per-faktum-45x92\/","og_locale":"it_IT","og_type":"article","og_title":"Pensile per Faktum 45\u00d792","og_description":"Questa \u00e8 una carcassa, un pensile per le cucine IKEA Faktum. 45 cm di larghezza, 92 cm di altezza e 35,5 cm di profondit\u00e0. Verr\u00e0 realizzato \u201cunito bianco\u201d indipendentemente dal colore scelto per i frontali. La carcassa pu\u00f2 essere ordinata da sola o insieme a uno qualsiasi degli extra di seguito:","og_url":"https:\/\/faktumonline.com\/it\/prodotto\/pensile-per-faktum-45x92\/","og_site_name":"Faktum Online Store","article_modified_time":"2021-07-26T16:56:42+00:00","og_image":[{"width":1507,"height":1884,"url":"https:\/\/faktumonline.com\/wp-content\/uploads\/2020\/08\/Wall-cab-IKEA-Faktum-40.jpg","type":"image\/jpeg"}],"twitter_card":"summary_large_image","schema":{"@context":"https:\/\/schema.org","@graph":[{"@type":"WebPage","@id":"https:\/\/faktumonline.com\/it\/prodotto\/pensile-per-faktum-45x92\/","url":"https:\/\/faktumonline.com\/it\/prodotto\/pensile-per-faktum-45x92\/","name":"Pensile per Faktum 45\u00d792 - Faktum Online Store","isPartOf":{"@id":"https:\/\/faktumonline.com\/da\/#website"},"primaryImageOfPage":{"@id":"https:\/\/faktumonline.com\/it\/prodotto\/pensile-per-faktum-45x92\/#primaryimage"},"image":{"@id":"https:\/\/faktumonline.com\/it\/prodotto\/pensile-per-faktum-45x92\/#primaryimage"},"thumbnailUrl":"https:\/\/faktumonline.com\/wp-content\/uploads\/2020\/08\/Wall-cab-IKEA-Faktum-40.jpg","datePublished":"2019-04-14T13:57:20+00:00","dateModified":"2021-07-26T16:56:42+00:00","breadcrumb":{"@id":"https:\/\/faktumonline.com\/it\/prodotto\/pensile-per-faktum-45x92\/#breadcrumb"},"inLanguage":"it-IT","potentialAction":[{"@type":"ReadAction","target":["https:\/\/faktumonline.com\/it\/prodotto\/pensile-per-faktum-45x92\/"]}]},{"@type":"ImageObject","inLanguage":"it-IT","@id":"https:\/\/faktumonline.com\/it\/prodotto\/pensile-per-faktum-45x92\/#primaryimage","url":"https:\/\/faktumonline.com\/wp-content\/uploads\/2020\/08\/Wall-cab-IKEA-Faktum-40.jpg","contentUrl":"https:\/\/faktumonline.com\/wp-content\/uploads\/2020\/08\/Wall-cab-IKEA-Faktum-40.jpg","width":1507,"height":1884},{"@type":"BreadcrumbList","@id":"https:\/\/faktumonline.com\/it\/prodotto\/pensile-per-faktum-45x92\/#breadcrumb","itemListElement":[{"@type":"ListItem","position":1,"name":"Hem","item":"https:\/\/faktumonline.com\/it\/"},{"@type":"ListItem","position":2,"name":"Webshop","item":"https:\/\/faktumonline.com\/it\/webshop\/"},{"@type":"ListItem","position":3,"name":"Pensile per Faktum 45\u00d792"}]},{"@type":"WebSite","@id":"https:\/\/faktumonline.com\/da\/#website","url":"https:\/\/faktumonline.com\/da\/","name":"Faktum Online Store","description":"Premium doors for IKEA kitchens","potentialAction":[{"@type":"SearchAction","target":{"@type":"EntryPoint","urlTemplate":"https:\/\/faktumonline.com\/da\/?s={search_term_string}"},"query-input":{"@type":"PropertyValueSpecification","valueRequired":true,"valueName":"search_term_string"}}],"inLanguage":"it-IT"}]}},"_links":{"self":[{"href":"https:\/\/faktumonline.com\/it\/wp-json\/wp\/v2\/product\/10851","targetHints":{"allow":["GET"]}}],"collection":[{"href":"https:\/\/faktumonline.com\/it\/wp-json\/wp\/v2\/product"}],"about":[{"href":"https:\/\/faktumonline.com\/it\/wp-json\/wp\/v2\/types\/product"}],"version-history":[{"count":1,"href":"https:\/\/faktumonline.com\/it\/wp-json\/wp\/v2\/product\/10851\/revisions"}],"predecessor-version":[{"id":59950,"href":"https:\/\/faktumonline.com\/it\/wp-json\/wp\/v2\/product\/10851\/revisions\/59950"}],"wp:featuredmedia":[{"embeddable":true,"href":"https:\/\/faktumonline.com\/it\/wp-json\/wp\/v2\/media\/43442"}],"wp:attachment":[{"href":"https:\/\/faktumonline.com\/it\/wp-json\/wp\/v2\/media?parent=10851"}],"wp:term":[{"taxonomy":"product_brand","embeddable":true,"href":"https:\/\/faktumonline.com\/it\/wp-json\/wp\/v2\/product_brand?post=10851"},{"taxonomy":"product_cat","embeddable":true,"href":"https:\/\/faktumonline.com\/it\/wp-json\/wp\/v2\/product_cat?post=10851"},{"taxonomy":"product_tag","embeddable":true,"href":"https:\/\/faktumonline.com\/it\/wp-json\/wp\/v2\/product_tag?post=10851"}],"curies":[{"name":"wp","href":"https:\/\/api.w.org\/{rel}","templated":true}]}}

<p>Questa è una carcassa, un pensile per le cucine IKEA Faktum. 45 cm di larghezza, 92 cm di altezza e 35,5 cm di profondità. Verrà realizzato “unito bianco” indipendentemente dal colore scelto per i frontali. La carcassa può essere ordinata da sola o insieme a uno qualsiasi degli extra di seguito:</p>

<!-- This site is optimized with the Yoast SEO Premium plugin v27.4 (Yoast SEO v27.4) - https://yoast.com/product/yoast-seo-premium-wordpress/ -->
<title>Pensile per Faktum 45×92 - Faktum Online Store</title>
<meta name="robots" content="index, follow, max-snippet:-1, max-image-preview:large, max-video-preview:-1" />
<link rel="canonical" href="https://faktumonline.com/it/prodotto/pensile-per-faktum-45x92/" />
<meta property="og:locale" content="it_IT" />
<meta property="og:type" content="article" />
<meta property="og:title" content="Pensile per Faktum 45×92" />
<meta property="og:description" content="Questa è una carcassa, un pensile per le cucine IKEA Faktum. 45 cm di larghezza, 92 cm di altezza e 35,5 cm di profondità. Verrà realizzato “unito bianco” indipendentemente dal colore scelto per i frontali. La carcassa può essere ordinata da sola o insieme a uno qualsiasi degli extra di seguito:" />
<meta property="og:url" content="https://faktumonline.com/it/prodotto/pensile-per-faktum-45x92/" />
<meta property="og:site_name" content="Faktum Online Store" />
<meta property="article:modified_time" content="2021-07-26T16:56:42+00:00" />
<meta property="og:image" content="https://faktumonline.com/wp-content/uploads/2020/08/Wall-cab-IKEA-Faktum-40.jpg" />
	<meta property="og:image:width" content="1507" />
	<meta property="og:image:height" content="1884" />
	<meta property="og:image:type" content="image/jpeg" />
<meta name="twitter:card" content="summary_large_image" />
<script type="application/ld+json" class="yoast-schema-graph">{"@context":"https:\/\/schema.org","@graph":[{"@type":"WebPage","@id":"https:\/\/faktumonline.com\/it\/prodotto\/pensile-per-faktum-45x92\/","url":"https:\/\/faktumonline.com\/it\/prodotto\/pensile-per-faktum-45x92\/","name":"Pensile per Faktum 45×92 - Faktum Online Store","isPartOf":{"@id":"https:\/\/faktumonline.com\/da\/#website"},"primaryImageOfPage":{"@id":"https:\/\/faktumonline.com\/it\/prodotto\/pensile-per-faktum-45x92\/#primaryimage"},"image":{"@id":"https:\/\/faktumonline.com\/it\/prodotto\/pensile-per-faktum-45x92\/#primaryimage"},"thumbnailUrl":"https:\/\/faktumonline.com\/wp-content\/uploads\/2020\/08\/Wall-cab-IKEA-Faktum-40.jpg","datePublished":"2019-04-14T13:57:20+00:00","dateModified":"2021-07-26T16:56:42+00:00","breadcrumb":{"@id":"https:\/\/faktumonline.com\/it\/prodotto\/pensile-per-faktum-45x92\/#breadcrumb"},"inLanguage":"it-IT","potentialAction":[{"@type":"ReadAction","target":["https:\/\/faktumonline.com\/it\/prodotto\/pensile-per-faktum-45x92\/"]}]},{"@type":"ImageObject","inLanguage":"it-IT","@id":"https:\/\/faktumonline.com\/it\/prodotto\/pensile-per-faktum-45x92\/#primaryimage","url":"https:\/\/faktumonline.com\/wp-content\/uploads\/2020\/08\/Wall-cab-IKEA-Faktum-40.jpg","contentUrl":"https:\/\/faktumonline.com\/wp-content\/uploads\/2020\/08\/Wall-cab-IKEA-Faktum-40.jpg","width":1507,"height":1884},{"@type":"BreadcrumbList","@id":"https:\/\/faktumonline.com\/it\/prodotto\/pensile-per-faktum-45x92\/#breadcrumb","itemListElement":[{"@type":"ListItem","position":1,"name":"Hem","item":"https:\/\/faktumonline.com\/it\/"},{"@type":"ListItem","position":2,"name":"Webshop","item":"https:\/\/faktumonline.com\/it\/webshop\/"},{"@type":"ListItem","position":3,"name":"Pensile per Faktum 45×92"}]},{"@type":"WebSite","@id":"https:\/\/faktumonline.com\/da\/#website","url":"https:\/\/faktumonline.com\/da\/","name":"Faktum Online Store","description":"Premium doors for IKEA kitchens","potentialAction":[{"@type":"SearchAction","target":{"@type":"EntryPoint","urlTemplate":"https:\/\/faktumonline.com\/da\/?s={search_term_string}"},"query-input":{"@type":"PropertyValueSpecification","valueRequired":true,"valueName":"search_term_string"}}],"inLanguage":"it-IT"}]}</script>
<!-- / Yoast SEO Premium plugin. -->

Questa è una carcassa, un pensile per le cucine IKEA Faktum. 45 cm di larghezza, 92 cm di altezza e 35,5 cm di profondità. Verrà realizzato “unito bianco” indipendentemente dal colore scelto per i frontali. La carcassa può essere ordinata da sola o insieme a uno qualsiasi degli extra di seguito:
